ite number?
True
Is (-53846)/(-8) + (-7)/(-28) a composite number?
True
Suppose a + 1515 = r, 4*r + 0*r - 3*a - 6062 = 0. Is r prime?
False
Let c = 224 - 50. Let s = c + 367. Is s prime?
True
Let q(m) = m**2 - 12*m + 15. Let o be q(10). Is o/((-6)/(-9) + -1) composite?
True
Let q be 400/30 + (-2)/(-3). Is 1/4*(4138 - q) a composite number?
False
Let m = -73215 + 111817. Is m a prime number?
False
Suppose v = 4*p - 4, 4*p - 4 = 2*p. Suppose v*d + d + 2136 = 2*b, b = d + 1071. Is b composite?
True
Suppose 0 = -3*h + 7*a - 10*a + 33603, -5*h + 2*a = -55977. Is h composite?
False
Let m(f) = -1064*f + 48. Let a be m(-6). Let g = 11417 - a. Is g prime?
False
Suppose -m = -2*m. Suppose -v - 2 = -m*v, 2*v = -t - 5. Is (-37 + t)/(12/(-66)) prime?
False
Suppose -47*w + 138*w = 2153333. Is w prime?
True
Let m(s) = s**3 + 7*s**2 + 5*s - 1. Let q be m(-6). Suppose -6*h + 7*h - q = 0. Let y(z) = 3*z + 7. Is y(h) a prime number?
False
Let q = -2026 + 3520. Suppose 0 = -5*u + 2*j + 2*j + q, -3*u + 914 = 2*j. Is u a prime number?
False
Let n(t) = 2*t**3 - 5*t**2 + 3*t + 1. Suppose -5*y - 5 = -4*y. Let z be n(y). Is 2/(-9) + z/(-9) a composite number?
False
Suppose -3*j + 0 = 12, -1669 = -n + 3*j. Is n composite?
False
Let q be (0 + 1)/((-12)/6276). Let r = -370 - q. Let i = 227 - r. Is i a composite number?
True
Is (-2)/(-6) - 49860/(-27) prime?
True
Let d = 6085 + -3038. Is d composite?
True
Let m(r) = -70*r**3 - 2*r**2 - 5*r - 4. Let a be m(-2). Suppose -l + a = -4*q + q, -4*l + q = -2287. Is l prime?
False
Let o(l) = -42*l. Let p(k) = 42*k - 1. Let i(g) = -4*o(g) - 5*p(g). Suppose 8*b + 33 = -3*b. Is i(b) composite?
False
Suppose 6*b - 25 = b - 3*c, 5*c + 5 = b. Suppose -4 = -z - b. Is z + 378 - -2*1 a prime number?
True
Suppose 0*l + 6 = -3*l. Is 0 + 138*(-1)/l composite?
True
Suppose 4*h + 12 = -5*x, -23 = 2*x - 5*h - 5. Let v be 37856/98 - x/(-14). Is v/5 + 9/(-45) a composite number?
True
Suppose 2*d + 2 = d, 2*m + d - 54 = 0. Suppose 3*t = 2*z - m, 4*t - 5*z + 11 + 17 = 0. Is (t/(-8))/(1/94) a composite number?
True
Suppose f = 2 + 4. Suppose 87 = f*u - 5*u. Is u composite?
True
Suppose -507*o + 505*o + 54212 = 0. Is o a composite number?
True
Suppose 5*b - 18347 = 2*b + 2*u, -12234 = -2*b + 4*u. Is b composite?
True
Let d = -6305 + 10866. Is d prime?
True
Suppose -2*r + 85 + 241 = 0. Is r - 2 - 2*(-3 + 2) a composite number?
False
Suppose 16 = 2*h - 2*d, h + h - 31 = 5*d. Suppose -727 - 1022 = -h*w. Is w a composite number?
True
Suppose -2*y = 2*y + 16. Is (-3 - -1) + 33 - (y - -1) prime?
False
Is (-36)/24 - (-4)/(32/23780) composite?
False
Let u(t) = 1077*t**2 - 3*t + 27. Is u(4) prime?
False
Let k(v) = -19*v**2 + 115 - 3*v + 8*v + 18*v**2. Is k(0) prime?
False
Let q be -12 + 3 - 0/1. Let v be (-6)/q - 20/(-6). Suppose -z = 3*h - 43, v*h = -4*z + 2*h + 192. Is z a prime number?
False
Let i = 15067 - 10358. Is i a prime number?
False
Is 4/(-6) - 2802940/(-420) composite?
False
Suppose 3 = -3*h - 4*b, -6*b = -2*b. Is 3 + (3 - -486 - h) composite?
True
Suppose -20745 = -5*s - 5*g, 2*g = 5*s - 8629 - 12144. Is s a composite number?
False
Suppose -1777 = -17*d + 246. Is d a prime number?
False
Suppose -3*m - 282 = 5*o - 11, -2*m - 162 = 3*o. Suppose y + 29 = -4. Let a = y - o. Is a prime?
True
Let r = 1704 + -1209. Let d(v) = -v**2 + 3*v + 6. Let q be d(-13). Let g = r + q. Is g prime?
True
Is 231382/42 - (-14)/(-147) a composite number?
True
Let j = 1884 + -3155. Let f = 486 - j. Is f composite?
True
Let k be 0/(-1 - (0 + -2)) - -3. Is (-761 - 3/k)*(-16)/32 prime?
False
Let p = -13522 - -23011. Is p prime?
False
Suppose 3*n = 3*s - 18, -2*s + 5*s = -4*n + 4. Let w be ((-3)/n)/(18/1704). Suppose 3*m - w = 536. Is m a prime number?
False
Let p = 9438 + -3125. Is p a prime number?
False
Suppose 24 = 10*h + 4. Is (h - 5) + 396 - 2 a prime number?
False
Let x(p) = -220*p - 14. Let v be x(-6). Let s = 1893 - v. Is s prime?
True
Let b = 7 + -2. Is (b - (-1 - -4))*633/2 prime?
False
Let s(p) = 4*p**3 - p. Let m be s(1). Let d be m - (-4)/(-4) - 835. Let c = -456 - d. Is c composite?
True
Let d be ((-1269)/(-6) + -1)*4. Suppose d + 2476 = 6*j. Is j prime?
False
Suppose -2*n + 509 - 255 = 0. Is n a composite number?
False
Let a(i) = 18*i**3 + 10*i**2 - 10*i + 13. Is a(6) a prime number?
True
Let n = -70 + 66. Is n/14 - (-555)/(-7)*-1 composite?
False
Suppose 0*j - n = j - 341, 5*j - n = 1681. Let q = j - 126. Is q a composite number?
False
Is (5*4/(-60))/((-1)/106473) a composite number?
False
Is 14/(-28)*3/(3/(-53666)) composite?
False
Suppose -4*a + k + 15 = 0, 0*k - 6 = 2*k. Suppose a*b = 2*v + 14, 5*b - 3*b + 8 = -3*v. Suppose 4*r - 4*y = 536, -78 - 71 = -r - b*y. Is r a prime number?
True
Suppose 4*n + 6*w - 3*w - 19 = 0, -n = -2*w + 9. Let z(p) = -12*p**3 + 4*p**2 - 4*p - 1 + 0*p**3 - n + 5*p. Is z(-3) composite?
True
Is 312/(-702) - -37003*(-1)/(-9) a composite number?
False
Suppose 0 = -q - 0*q - 2. Is ((q - -3)*-1)/(-1) + 1584 composite?
True
Let b = 206 + -204. Suppose -1818 = -6*w + 3*w. Suppose 3*z - 3*y = w, b*z - y = 197 + 210. Is z a composite number?
True
Suppose -4*c = -2*q - 33610, -2*q = 3*c - 3*q - 25206. Let p = -3356 + c. Is p a prime number?
False
Let o(r) be the third derivative of -193*r**4/24 - 29*r**3/6 - 37*r**2. Is o(-12) a prime number?
True
Let s(y) = 6*y**2 - 9*y - 8. Let d be s(7). Is (4 - (3 + 0))*d prime?
True
Suppose 5523277 = 37*r + 60*r. Is r composite?
False
Suppose -2*b + 344 = -t, -6*b - 3*t + 678 = -2*b. Let h = 338 + b. Is h prime?
True
Is 24/40 - (-13026)/15 a composite number?
True
Let r(u) = -5*u - 3. Let n be r(-1). Is (-15)/n*348/(-18) composite?
True
Let f be ((-20)/8 + 2)/((-1)/(-2)). Is (1 - f)/(((-24)/1492)/(-3)) a prime number?
True
Let b = -334 + 339. Suppose -2*z - 14 = -5*h, 0 = z - 2*h + 5*h - 15. Suppose b*q = z*q + 1706. Is q a prime number?
True
Let p(q) = q**3 - 4*q**2 - 2*q + 8. Let h be p(4). Is (0 - (-62 + h))*19/2 a composite number?
True
Suppose -2*w - 5922 + 1394 = -2*z, 5*w = -20. Is (-3)/(1 + z/(-2245)) a composite number?
False
Let h(u) = -2*u + 1106. Let t(j) = 1. Let z(w) = h(w) - 3*t(w). Is z(0) prime?
True
Is (-33)/((-297)/(-26436))*114/(-8) prime?
False
Suppose -4*s + 555 = s. Let j = s - 39. Is (-1)/6 + 3540/j prime?
False
Let f be (32/6 + -2)*(-9)/(-6). Is ((-38)/(-4))/(f/430) prime?
False
Suppose -4*p + 2*b = -461196, -13*p + 15*p + 3*b - 230614 = 0. Is p prime?
True
Let j be ((-30)/4)/(16/(-3104)). Suppose -4*s = -k + j, 6*k - k - 3*s = 7207. Is k a composite number?
False
Suppose -9 = 3*f - 6. Let v be -710 - (-1 - (f + 3)). Let c = -414 - v. Is c a composite number?
False
Let g = -213 + 315. Suppose -4*b + 742 + g = 0. Is b a prime number?
True
Let c = -277 - -798. Is c a composite number?
False
Suppose -2*t + 2968 = 106. Suppose 0 = -5*f + 14*f - t. Is f prime?
False
Is 4268 - (1*5 - (-38 - -46)) a composite number?
False
Suppose -6*l + 17 + 7 = 0. Suppose l*q + q - 1465 = 0. Is q composite?
False
Let w(g) = -198*g**3 + g**2 + g + 1. Let k be (14/(-21))/(2/(-3)). Suppose 5*r + 0 + k = 2*l, -4*l = -5*r + 3. Is w(r) a prime number?
True
Suppose -483457 = 4914*h - 4927*h. Is h composite?
False
Suppose 44412 = 4*k + 4*u, 5*k - 4*u - 26966 = 28513. Suppose -7*c + 4*c = -4*t + k, 0 = -2*t - 4*c + 5566. Is t prime?
True
Let i(q) = 7*q**3 - 2*q**2 + 10*q - 16. Let x be i(6). Suppose 70*a - x = 66*a. Is a composite?
True
Let k(q) = q + 1. Suppose -2*t + 0*t + 2 = 0. Let s be k(t). Suppose s*i = 17 + 21. Is i a composite number?
False
Let d(a) = 27*a**2 + 4*a - 6. Let l = -27 - -22. Is d(l) a composite number?
True
Suppose 7*a = 3*a + 16, 0 = 2*y - 2*a + 2. Suppose c = -y*c. Suppose c*k + 2*k = 102. Is k a composite number?
True
Let t = 103 - 5. Let f = 183 - t. Is f a prime number?
False
Let h(l) = -2*l**3 - 57*l**2 - l - 8. Is h(-29) composite?
True
Let o(h) = -22*h + 32. Let b be o(-17). Suppose 0*y = -2*y + b. Is y a prime number?
False
Let s(t) = 3*t**2 + t + 47. Let z(w) = -2*w**2 - w - 48. Let m(k) = -5*s(k) - 6*z(k). Is m(0) prime?
True
Let m(p) = -p**3 + 5*p**2 + 5*p + 7. Let l be m(6). Let x = l + -1. Is 53/(-4)*(-4 + x) a prime number?
True
Let n(a) = -a + 5. Suppose -3*c + 10 = 2*c. Suppose -q - 5*s + 15 = 0, -c*s + 7 = -3. Is n(q) composite?
True
Let d = -29 + 83. Suppose -u 